{"id":98,"date":"2014-07-15T15:43:59","date_gmt":"2014-07-15T13:43:59","guid":{"rendered":"http:\/\/orlicemb.cz\/?page_id=98"},"modified":"2020-01-02T21:00:30","modified_gmt":"2020-01-02T20:00:30","slug":"dobra-voda","status":"publish","type":"page","link":"https:\/\/orlicemb.cz\/?page_id=98","title":{"rendered":"Dobr\u00e1 Voda"},"content":{"rendered":"<h2 style=\"color: #646464;\">Ubytov\u00e1n\u00ed v Dobr\u00e9 Vod\u011b<\/h2>\n<div class=\"entry\" style=\"padding-left: 30px;\">\n<ul style=\"color: #000000;\">\n<li>malebn\u00e1 osada Dobr\u00e1 Voda se nach\u00e1z\u00ed v \u00fadol\u00ed potoka Markovka, 5 km v\u00fdchodn\u011b od T\u0159eb\u00ed\u010de. Objekt b\u00fdval\u00fdch sirn\u00fdch l\u00e1zn\u00ed je nov\u011b opraven, nyn\u00ed je v majetku Okresn\u00ed rady Jun\u00e1ka T\u0159eb\u00ed\u010d.<\/li>\n<\/ul>\n<ul style=\"color: #000000;\">\n<li>kapacita do 49 lid\u00ed, soci\u00e1ln\u00ed za\u0159\u00edzen\u00ed, kuchyn\u011b, span\u00ed na postel\u00edch, velk\u00fd spole\u010densk\u00fd s\u00e1l s krbem \u2026<\/li>\n<li><a style=\"font-weight: bold; color: #467aa7;\" href=\"http:\/\/dobravoda.abahoa.cz\/obj.html\" target=\"_blank\" rel=\"noopener noreferrer\">Objedn\u00e1vka pobytu na Dobr\u00e9 Vod\u011b<\/a><\/li>\n<li>Podrobn\u011bj\u0161\u00ed informace\u00a0<a style=\"font-weight: bold; color: #467aa7;\" href=\"http:\/\/dobravoda.abahoa.cz\/\">zde<\/a><\/li>\n<\/ul>\n<p><a href=\"https:\/\/orlicemb.cz\/wp-content\/uploads\/2014\/07\/phoca_thumb_l_249x1210.jpg\"><img loading=\"lazy\" decoding=\"async\" class=\"alignnone size-medium wp-image-102\" src=\"https:\/\/orlicemb.cz\/wp-content\/uploads\/2014\/07\/phoca_thumb_l_249x1210-300x198.jpg\" alt=\"phoca_thumb_l_249x1210\" width=\"300\" height=\"198\" srcset=\"https:\/\/orlicemb.cz\/wp-content\/uploads\/2014\/07\/phoca_thumb_l_249x1210-300x198.jpg 300w, https:\/\/orlicemb.cz\/wp-content\/uploads\/2014\/07\/phoca_thumb_l_249x1210.jpg 640w\" sizes=\"auto, (max-width: 300px) 100vw, 300px\" \/><\/a><\/p>\n<\/div>\n","protected":false},"excerpt":{"rendered":"<p>Ubytov\u00e1n\u00ed v Dobr\u00e9 Vod\u011b malebn\u00e1 osada Dobr\u00e1 Voda se nach\u00e1z\u00ed v \u00fadol\u00ed potoka Markovka, 5 km v\u00fdchodn\u011b od T\u0159eb\u00ed\u010de. Objekt b\u00fdval\u00fdch sirn\u00fdch l\u00e1zn\u00ed je nov\u011b opraven, nyn\u00ed je v majetku Okresn\u00ed rady Jun\u00e1ka T\u0159eb\u00ed\u010d. kapacita do 49 lid\u00ed, soci\u00e1ln\u00ed za\u0159\u00edzen\u00ed, kuchyn\u011b, span\u00ed na postel\u00edch, velk\u00fd spole\u010densk\u00fd s\u00e1l s krbem \u2026 Objedn\u00e1vka pobytu na Dobr\u00e9 Vod\u011b &hellip; <a href=\"https:\/\/orlicemb.cz\/?page_id=98\" class=\"more-link\">Pokra\u010dov\u00e1n\u00ed textu <span class=\"screen-reader-text\">Dobr\u00e1 Voda<\/span> <span class=\"meta-nav\">&rarr;<\/span><\/a><\/p>\n","protected":false},"author":12,"featured_media":0,"parent":71,"menu_order":2,"comment_status":"closed","ping_status":"closed","template":"","meta":{"footnotes":""},"class_list":["post-98","page","type-page","status-publish","hentry"],"_links":{"self":[{"href":"https:\/\/orlicemb.cz\/index.php?rest_route=\/wp\/v2\/pages\/98","targetHints":{"allow":["GET"]}}],"collection":[{"href":"https:\/\/orlicemb.cz\/index.php?rest_route=\/wp\/v2\/pages"}],"about":[{"href":"https:\/\/orlicemb.cz\/index.php?rest_route=\/wp\/v2\/types\/page"}],"author":[{"embeddable":true,"href":"https:\/\/orlicemb.cz\/index.php?rest_route=\/wp\/v2\/users\/12"}],"replies":[{"embeddable":true,"href":"https:\/\/orlicemb.cz\/index.php?rest_route=%2Fwp%2Fv2%2Fcomments&post=98"}],"version-history":[{"count":4,"href":"https:\/\/orlicemb.cz\/index.php?rest_route=\/wp\/v2\/pages\/98\/revisions"}],"predecessor-version":[{"id":1742,"href":"https:\/\/orlicemb.cz\/index.php?rest_route=\/wp\/v2\/pages\/98\/revisions\/1742"}],"up":[{"embeddable":true,"href":"https:\/\/orlicemb.cz\/index.php?rest_route=\/wp\/v2\/pages\/71"}],"wp:attachment":[{"href":"https:\/\/orlicemb.cz\/index.php?rest_route=%2Fwp%2Fv2%2Fmedia&parent=98"}],"curies":[{"name":"wp","href":"https:\/\/api.w.org\/{rel}","templated":true}]}}

Dobrá Voda

<h2 style="color: #646464;">Ubytování v Dobré Vodě</h2>
<div class="entry" style="padding-left: 30px;">
<ul style="color: #000000;">
<li>malebná osada Dobrá Voda se nachází v údolí potoka Markovka, 5 km východně od Třebíče. Objekt bývalých sirných lázní je nově opraven, nyní je v majetku Okresní rady Junáka Třebíč.</li>
</ul>
<ul style="color: #000000;">
<li>kapacita do 49 lidí, sociální zařízení, kuchyně, spaní na postelích, velký společenský sál s krbem …</li>
<li><a style="font-weight: bold; color: #467aa7;" href="http://dobravoda.abahoa.cz/obj.html" target="_blank" rel="noopener noreferrer">Objednávka pobytu na Dobré Vodě</a></li>
<li>Podrobnější informace <a style="font-weight: bold; color: #467aa7;" href="http://dobravoda.abahoa.cz/">zde</a></li>
</ul>
<p><a href="https://orlicemb.cz/wp-content/uploads/2014/07/phoca_thumb_l_249x1210.jpg"><img loading="lazy" decoding="async" class="alignnone size-medium wp-image-102" src="https://orlicemb.cz/wp-content/uploads/2014/07/phoca_thumb_l_249x1210-300x198.jpg" alt="phoca_thumb_l_249x1210" width="300" height="198" srcset="https://orlicemb.cz/wp-content/uploads/2014/07/phoca_thumb_l_249x1210-300x198.jpg 300w, https://orlicemb.cz/wp-content/uploads/2014/07/phoca_thumb_l_249x1210.jpg 640w" sizes="auto, (max-width: 300px) 100vw, 300px" /></a></p>
</div>

<p>Ubytování v Dobré Vodě malebná osada Dobrá Voda se nachází v údolí potoka Markovka, 5 km východně od Třebíče. Objekt bývalých sirných lázní je nově opraven, nyní je v majetku Okresní rady Junáka Třebíč. kapacita do 49 lidí, sociální zařízení, kuchyně, spaní na postelích, velký společenský sál s krbem … Objednávka pobytu na Dobré Vodě &hellip; <a href="https://orlicemb.cz/?page_id=98" class="more-link">Pokračování textu <span class="screen-reader-text">Dobrá Voda</span> <span class="meta-nav">&rarr;</span></a></p>
