{"id":2076,"date":"2021-01-08T13:23:20","date_gmt":"2021-01-08T12:23:20","guid":{"rendered":"http:\/\/orlicemb.cz\/?page_id=2076"},"modified":"2021-03-05T21:26:56","modified_gmt":"2021-03-05T20:26:56","slug":"strediskovy-almanach","status":"publish","type":"page","link":"https:\/\/orlicemb.cz\/?page_id=2076","title":{"rendered":"St\u0159ediskov\u00fd almanach"},"content":{"rendered":"\n<blockquote class=\"wp-block-quote is-layout-flow wp-block-quote-is-layout-flow\"><p><em>\u201ePo druh\u00e9 sv\u011btov\u00e9 v\u00e1lce bud\u011bjovi\u010dt\u00ed skauti nocovali v jednom d\u0159ev\u011bn\u00e9m l\u00e1grov\u00e9m bar\u00e1ku na Pra\u017esk\u00e9 ulici ve Znojm\u011b. Po ulehnut\u00ed je za\u010daly obt\u011b\u017eovat \u0161t\u011bnice. Na ne\u0161\u0165astn\u00edky padaly i ze stropu. Kolem p\u016flnoci u\u017e to ne\u0161lo vydr\u017eet, tak Mirek Smr\u010dka, syn moravskobud\u011bjovick\u00e9ho tov\u00e1rn\u00edka, navrhl, \u017ee m\u016f\u017eou j\u00edt sp\u00e1t do domu na Divi\u0161ov\u011b n\u00e1m\u011bst\u00ed, kter\u00fd vlastnila otcova firma&#8230;\u201c<\/em><\/p><\/blockquote>\n\n\n\n<p>tak za\u010d\u00edn\u00e1 jeden z&nbsp;\u00fasm\u011bvn\u00fdch p\u0159\u00edb\u011bh\u016f v&nbsp;nov\u011b vydan\u00e9 kn\u00ed\u017ece \u201e<strong>Skautsk\u00e9 stolet\u00ed v&nbsp;Moravsk\u00fdch Bud\u011bjovic\u00edch\u201c<\/strong>. \u010cten\u00e1\u0159 na str\u00e1nk\u00e1ch objev\u00ed mimo jin\u00e9 i odpov\u011bdi na ot\u00e1zky, jak souvisel t\u00e1bor s cigaretami s \u201evelbloudem\u201c, nebo pro\u010d se p\u0159\u00edslu\u0161n\u00edci Policie \u010cR oh\u0159\u00e1li u slavnostn\u00edho ohn\u011b. I kdy\u017e vesel\u00e1 mysl pat\u0159\u00ed ke skautingu, publikace vypr\u00e1v\u00ed tak\u00e9 o nesnadn\u00fdch cest\u00e1ch hnut\u00ed, o nedostatku kluboven a o nacistick\u00e9m a komunistick\u00e9m pron\u00e1sledov\u00e1n\u00ed.&nbsp;<\/p>\n\n\n\n<figure class=\"wp-block-image size-large is-resized\"><img loading=\"lazy\" decoding=\"async\" src=\"https:\/\/orlicemb.cz\/wp-content\/uploads\/2021\/01\/StoletiObalka-719x1024.png\" alt=\"\" class=\"wp-image-2084\" width=\"450\" height=\"639\" srcset=\"https:\/\/orlicemb.cz\/wp-content\/uploads\/2021\/01\/StoletiObalka-211x300.png 211w, https:\/\/orlicemb.cz\/wp-content\/uploads\/2021\/01\/StoletiObalka-768x1093.png 768w\" sizes=\"auto, (max-width: 450px) 100vw, 450px\" \/><\/figure>\n\n\n\n<p>\u201eSkautsk\u00e9 stolet\u00ed v\u00a0Moravsk\u00fdch Bud\u011bjovic\u00edch\u201c vydalo m\u00edstn\u00ed st\u0159edisko k\u00a0p\u0159\u00edle\u017eitosti kulat\u00e9ho jubilea od vzniku prvn\u00edho odd\u00edlu ve m\u011bst\u011b. Tento po\u010din by se jen t\u011b\u017eko mohl uskute\u010dnit bez finan\u010dn\u00ed podpory jun\u00e1ck\u00e9ho \u00fast\u0159ed\u00ed v\u00a0Praze a firmy Ferrum s. r. o. Ob\u011bma subjekt\u016fm pat\u0159\u00ed velik\u00e9 d\u00edky!\u00a0\u00a0\u00a0Knihu lze objednat na emailu <a href=\"mailto:orlicemb@skaut.cz\">orlicemb@skaut.cz<\/a>, nebo od 18. ledna 2021 si ji m\u016f\u017eete zakoupit v\u00a0Informa\u010dn\u00edm centru MKS Beseda Moravsk\u00e9 Bud\u011bjovice. Upozor\u0148ujeme, \u017ee po\u010det v\u00fdtisk\u016f je omezen\u00fd.<\/p>\n\n\n\n<blockquote class=\"wp-block-quote is-layout-flow wp-block-quote-is-layout-flow\"><p>Koupit si je m\u016f\u017eete za 150 K\u010d, p\u0159\u00edpadn\u011b za 120 K\u010d, pokud jste \u010dleny st\u0159ediska.<\/p><\/blockquote>\n","protected":false},"excerpt":{"rendered":"<p>\u201ePo druh\u00e9 sv\u011btov\u00e9 v\u00e1lce bud\u011bjovi\u010dt\u00ed skauti nocovali v jednom d\u0159ev\u011bn\u00e9m l\u00e1grov\u00e9m bar\u00e1ku na Pra\u017esk\u00e9 ulici ve Znojm\u011b. Po ulehnut\u00ed je za\u010daly obt\u011b\u017eovat \u0161t\u011bnice. Na ne\u0161\u0165astn\u00edky padaly i ze stropu. Kolem p\u016flnoci u\u017e to ne\u0161lo vydr\u017eet, tak Mirek Smr\u010dka, syn moravskobud\u011bjovick\u00e9ho tov\u00e1rn\u00edka, navrhl, \u017ee m\u016f\u017eou j\u00edt sp\u00e1t do domu na Divi\u0161ov\u011b n\u00e1m\u011bst\u00ed, kter\u00fd vlastnila otcova firma&#8230;\u201c &hellip; <a href=\"https:\/\/orlicemb.cz\/?page_id=2076\" class=\"more-link\">Pokra\u010dov\u00e1n\u00ed textu <span class=\"screen-reader-text\">St\u0159ediskov\u00fd almanach<\/span> <span class=\"meta-nav\">&rarr;<\/span><\/a><\/p>\n","protected":false},"author":11,"featured_media":0,"parent":0,"menu_order":0,"comment_status":"closed","ping_status":"closed","template":"","meta":{"footnotes":""},"class_list":["post-2076","page","type-page","status-publish","hentry"],"_links":{"self":[{"href":"https:\/\/orlicemb.cz\/index.php?rest_route=\/wp\/v2\/pages\/2076","targetHints":{"allow":["GET"]}}],"collection":[{"href":"https:\/\/orlicemb.cz\/index.php?rest_route=\/wp\/v2\/pages"}],"about":[{"href":"https:\/\/orlicemb.cz\/index.php?rest_route=\/wp\/v2\/types\/page"}],"author":[{"embeddable":true,"href":"https:\/\/orlicemb.cz\/index.php?rest_route=\/wp\/v2\/users\/11"}],"replies":[{"embeddable":true,"href":"https:\/\/orlicemb.cz\/index.php?rest_route=%2Fwp%2Fv2%2Fcomments&post=2076"}],"version-history":[{"count":8,"href":"https:\/\/orlicemb.cz\/index.php?rest_route=\/wp\/v2\/pages\/2076\/revisions"}],"predecessor-version":[{"id":2122,"href":"https:\/\/orlicemb.cz\/index.php?rest_route=\/wp\/v2\/pages\/2076\/revisions\/2122"}],"wp:attachment":[{"href":"https:\/\/orlicemb.cz\/index.php?rest_route=%2Fwp%2Fv2%2Fmedia&parent=2076"}],"curies":[{"name":"wp","href":"https:\/\/api.w.org\/{rel}","templated":true}]}}

Střediskový almanach

<blockquote class="wp-block-quote is-layout-flow wp-block-quote-is-layout-flow"><p><em>„Po druhé světové válce budějovičtí skauti nocovali v jednom dřevěném lágrovém baráku na Pražské ulici ve Znojmě. Po ulehnutí je začaly obtěžovat štěnice. Na nešťastníky padaly i ze stropu. Kolem půlnoci už to nešlo vydržet, tak Mirek Smrčka, syn moravskobudějovického továrníka, navrhl, že můžou jít spát do domu na Divišově náměstí, který vlastnila otcova firma&#8230;“</em></p></blockquote>



<p>tak začíná jeden z&nbsp;úsměvných příběhů v&nbsp;nově vydané knížce „<strong>Skautské století v&nbsp;Moravských Budějovicích“</strong>. Čtenář na stránkách objeví mimo jiné i odpovědi na otázky, jak souvisel tábor s cigaretami s „velbloudem“, nebo proč se příslušníci Policie ČR ohřáli u slavnostního ohně. I když veselá mysl patří ke skautingu, publikace vypráví také o nesnadných cestách hnutí, o nedostatku kluboven a o nacistickém a komunistickém pronásledování.&nbsp;</p>



<figure class="wp-block-image size-large is-resized"><img loading="lazy" decoding="async" src="https://orlicemb.cz/wp-content/uploads/2021/01/StoletiObalka-719x1024.png" alt="" class="wp-image-2084" width="450" height="639" srcset="https://orlicemb.cz/wp-content/uploads/2021/01/StoletiObalka-211x300.png 211w, https://orlicemb.cz/wp-content/uploads/2021/01/StoletiObalka-768x1093.png 768w" sizes="auto, (max-width: 450px) 100vw, 450px" /></figure>



<p>„Skautské století v Moravských Budějovicích“ vydalo místní středisko k příležitosti kulatého jubilea od vzniku prvního oddílu ve městě. Tento počin by se jen těžko mohl uskutečnit bez finanční podpory junáckého ústředí v Praze a firmy Ferrum s. r. o. Oběma subjektům patří veliké díky!   Knihu lze objednat na emailu <a href="mailto:orlicemb@skaut.cz">orlicemb@skaut.cz</a>, nebo od 18. ledna 2021 si ji můžete zakoupit v Informačním centru MKS Beseda Moravské Budějovice. Upozorňujeme, že počet výtisků je omezený.</p>



<blockquote class="wp-block-quote is-layout-flow wp-block-quote-is-layout-flow"><p>Koupit si je můžete za 150 Kč, případně za 120 Kč, pokud jste členy střediska.</p></blockquote>

<p>„Po druhé světové válce budějovičtí skauti nocovali v jednom dřevěném lágrovém baráku na Pražské ulici ve Znojmě. Po ulehnutí je začaly obtěžovat štěnice. Na nešťastníky padaly i ze stropu. Kolem půlnoci už to nešlo vydržet, tak Mirek Smrčka, syn moravskobudějovického továrníka, navrhl, že můžou jít spát do domu na Divišově náměstí, který vlastnila otcova firma&#8230;“ &hellip; <a href="https://orlicemb.cz/?page_id=2076" class="more-link">Pokračování textu <span class="screen-reader-text">Střediskový almanach</span> <span class="meta-nav">&rarr;</span></a></p>
