{"id":11,"date":"2014-03-09T17:05:55","date_gmt":"2014-03-09T16:05:55","guid":{"rendered":"http:\/\/orlicemb.cz\/?page_id=11"},"modified":"2018-06-18T14:55:58","modified_gmt":"2018-06-18T12:55:58","slug":"pro-rodice","status":"publish","type":"page","link":"https:\/\/orlicemb.cz\/?page_id=11","title":{"rendered":"Pro rodi\u010de"},"content":{"rendered":"<p style=\"text-align: justify;\"><strong>V\u00e1\u017een\u00ed\u00a0rodi\u010de,<\/strong><\/p>\n<p style=\"text-align: justify;\"><strong>Co je vlastn\u011b skauting a Jun\u00e1k &#8211; svaz skaut\u016f a skautek \u010cR?<\/strong><\/p>\n<p style=\"text-align: justify;\"><strong>Skauting\u00a0<\/strong>je my\u0161lenka, \u017eivotn\u00ed styl, kter\u00fd u\u010d\u00ed um\u011bt se o sebe postarat, br\u00e1t \u017eivot do vlastn\u00edch rukou a p\u0159evz\u00edt odpov\u011bdnost za to, co se d\u011bje se mnou a s m\u00fdm \u017eivotem. Ve skautingu se lid\u00e9 u\u010d\u00ed hledat smysluplnost toho, co d\u011blaj\u00ed, pro\u010d a kam sm\u011b\u0159uj\u00ed sv\u016fj \u017eivot. D\u011btem a mlad\u00fdm lidem umo\u017e\u0148uje \u017e\u00edt a d\u011blat v\u011bci spole\u010dn\u011b. Stav\u00ed p\u0159ed n\u011b p\u0159\u00edle\u017eitosti, kter\u00e9 jsou z\u00e1rove\u0148 z\u00e1bavou a hrou &#8211; nejlep\u0161\u00edm \u00a0zp\u016fsobem, jak pozn\u00e1vat nov\u00e9 v\u011bci. D\u00e1v\u00e1 do \u017eivota \u0159adu soci\u00e1ln\u00edch dovednost\u00ed &#8211; schopnost mluvit p\u0159ed lidmi a schopnost naslouchat, schopnost b\u00fdt otev\u0159en\u00fd v\u016f\u010di druh\u00fdm, schopnost spolupracovat. Ve skautingu si \u010dlov\u011bk s\u00e1hne na GPSku, fo\u0165\u00e1k, u\u010d\u00ed se d\u011blat report\u00e1\u017ee, sla\u0148ovat sk\u00e1ly, va\u0159it nebo sj\u00ed\u017ed\u011bt vodu na raftech. Ale to nen\u00ed d\u016fle\u017eit\u00e9. D\u016fle\u017eit\u00e9 je, co se \u010dlov\u011bk u\u010d\u00ed mimochodem &#8211; \u017ee m\u00e1 cenu se o n\u011bco sna\u017eit. \u017de m\u00e1 cenu se zapojit. \u017de m\u00e1 cenu spolupracovat. \u017de m\u00e1 cenu b\u00fdt sou\u010d\u00e1st\u00ed v\u011bc\u00ed, ne pozorovatelem\u2026 A nakonec je to tak\u00e9 celosv\u011btov\u011b nejv\u011bt\u0161\u00ed v\u00fdchovn\u00e9 hnut\u00ed pro d\u011bti a mlad\u00e9 lidi s ji\u017e stoletou tradic\u00ed, p\u016fsob\u00edc\u00ed ve 214 zem\u00edch sv\u011bta.<\/p>\n<p style=\"text-align: justify;\"><strong>Jun\u00e1k &#8211; svaz skaut\u016f a skautek \u010cR<\/strong>\u00a0je dobrovoln\u00e9, nez\u00e1visl\u00e9 a nepolitick\u00e9 sdru\u017een\u00ed ve smyslu z\u00e1kona 83\/90 Sb. sdru\u017euj\u00edc\u00ed sv\u00e9 \u010dleny a \u010dlenky bez rozd\u00edlu n\u00e1rodnosti, n\u00e1bo\u017eensk\u00e9ho vyzn\u00e1n\u00ed, politick\u00e9ho p\u0159esv\u011bd\u010den\u00ed, rasy nebo jin\u00fdch rozd\u00edl\u016f. Je zalo\u017eeno na z\u00e1kladn\u00edch principech skautingu, tj. skautsk\u00e9m z\u00e1konu, slibu a hesle. Je organizov\u00e1n do skautsk\u00fdch odd\u00edl\u016f, st\u0159edisek a vy\u0161\u0161\u00edch organiza\u010dn\u00edch jednotek, kter\u00e9 p\u016fsob\u00ed ve v\u00edce ne\u017e tis\u00edci m\u011bstech a vesnic\u00edch po cel\u00e9 na\u0161\u00ed zemi. Sdru\u017euj\u00ed chlapce a d\u011bv\u010data od \u0161esti let ve t\u0159ech v\u011bkov\u00fdch kategori\u00edch. O program odd\u00edl\u016f se star\u00e1 n\u011bkolik tis\u00edc dobrovoln\u00fdch vedouc\u00edch a \u010dinovn\u00edk\u016f. Z\u00e1rove\u0148 je nejv\u011bt\u0161\u00edm celost\u00e1tn\u00edm ob\u010dansk\u00fdm sdru\u017een\u00edm d\u011bt\u00ed a ml\u00e1de\u017ee v \u010cesk\u00e9 republice. Skautsk\u00e9 hnut\u00ed je otev\u0159en\u00e9 v\u0161em d\u011btem a mlad\u00fdm lidem, kte\u0159\u00ed se cht\u011bj\u00ed neust\u00e1le n\u011b\u010demu u\u010dit, pracovat na sob\u011b a p\u0159ij\u00edmaj\u00ed z\u00e1kladn\u00ed principy skautingu.<\/p>\n<p style=\"text-align: justify;\"><strong>Pro koho je skauting?<\/strong><\/p>\n<p style=\"text-align: justify;\">Skautsk\u00e9 hnut\u00ed je otev\u0159en\u00e9 v\u0161em od 6let, kte\u0159\u00ed si cht\u011bj\u00ed naj\u00edt opravdov\u00e9 kamar\u00e1dy, cht\u011bj\u00ed pom\u00e1hat, neust\u00e1le se n\u011b\u010demu u\u010dit, pracovat na sob\u011b, p\u0159ij\u00edmat z\u00e1kladn\u00ed principy skautingu, podnikat dobrodru\u017en\u00e9 v\u00fdpravy, hr\u00e1t hry, p\u0159ekon\u00e1vat sami sebe, \u00fa\u010dastnit se odd\u00edlov\u00e9 \u010dinnosti\u2026 Odd\u00edlov\u00e1 \u010dinnost se zam\u011b\u0159uje na hodnotovou v\u00fdchovu d\u011bt\u00ed a sou\u010dasn\u011b vych\u00e1z\u00ed vst\u0159\u00edc jejich specifick\u00fdm z\u00e1jm\u016fm. Programov\u00e1 n\u00e1pl\u0148 zahrnuje spoustu aktivit v oblastech jako je sport, p\u0159\u00edroda, kultura, zdravov\u011bda, rukod\u011bln\u00e9 \u010dinnosti a \u0159ada dal\u0161\u00edch v\u011bc\u00ed.<\/p>\n<p style=\"text-align: justify;\"><strong>Skautuj\u00ed v\u0161echny d\u011bti dohromady?<\/strong><\/p>\n<p style=\"text-align: justify;\">Aby program na\u0161\u00ed \u010dinnosti co nejl\u00e9pe odpov\u00eddal pot\u0159eb\u00e1m a z\u00e1jm\u016fm r\u016fzn\u00fdch v\u011bkov\u00fdch kategorii, d\u011bl\u00edme v\u00a0na\u0161\u00ed organizaci d\u011bti do t\u0159\u00ed z\u00e1kladn\u00edch v\u011bkov\u00fdch kategori\u00ed:<\/p>\n<ul style=\"text-align: justify;\">\n<li><strong>P\u0159ed\u0161kol\u00e1ci\u00a0<\/strong><strong>(v\u011bk 4-6 let)<\/strong><\/li>\n<li><strong>Vl\u010data\u00a0a\u00a0<\/strong><strong>sv\u011btlu\u0161ky<\/strong><strong>\u00a0(v\u011bk 6-10 let)<\/strong><\/li>\n<li><strong>Skauti\u00a0a\u00a0<\/strong><strong>skautky<\/strong><strong>\u00a0(v\u011bk 11-15 let)<\/strong><\/li>\n<li><strong>Rove\u0159i a rangers<\/strong>\u00a0<strong>(v\u011bk nad 15 let)<\/strong><\/li>\n<li><strong>Oldskauti<\/strong><\/li>\n<\/ul>\n<p style=\"text-align: justify;\">Konkr\u00e9tn\u00ed podoba jednotliv\u00fdch odd\u00edl\u016f se li\u0161\u00ed. V n\u011bkter\u00fdch se v\u00fdchovn\u00e1 \u010dinnost uskute\u010d\u0148uje spole\u010dn\u011b pro chlapce a d\u011bv\u010data, jinde je samostatn\u00e1. V na\u0161em st\u0159edisku p\u016fsob\u00ed 1. sme\u010dka vl\u010dat Sirius, 4. odd\u00edl skautek Slune\u010dnice, 5. odd\u00edl skaut\u016f Hv\u011bzda, 6. roj sv\u011btlu\u0161ek, 7. kmen rover\u016f a rangers Obzor, 8. odd\u00edl oldskaut\u016f \u0160amani\u00a0a 11. odd\u00edl p\u0159ed\u0161koln\u00edch d\u011bt\u00ed Sk\u0159\u00edtci.<\/p>\n<p style=\"text-align: justify;\"><strong>Jak\u00fd je program v jednotliv\u00fdch v\u011bkov\u00fdch kategori\u00edch?<\/strong><\/p>\n<p style=\"text-align: justify;\">Z\u00e1kladn\u00edm prvkem celoro\u010dn\u00edho skautsk\u00e9ho\u00a0programu v\u0161ech v\u011bkov\u00fdch kategori\u00ed jsou sch\u016fzky, kter\u00e9 se konaj\u00ed jednou t\u00fddn\u011b. Na ty pak navazuj\u00ed v\u00fdpravy, st\u0159ediskov\u00e9 akce, akce\u00a0pro ve\u0159ejnost, letn\u00ed t\u00e1bor. Jejich mno\u017estv\u00ed a slo\u017een\u00ed ji\u017e z\u00e1le\u017e\u00ed na jednotliv\u00fdch odd\u00edlech.<\/p>\n<p style=\"text-align: justify;\">Z\u00e1kladem skautsk\u00fdch aktivit je hra prostupuj\u00edc\u00ed programem v\u0161ech v\u011bkov\u00fdch kategori\u00ed. Hry pom\u00e1haj\u00ed d\u011btem z\u00e1bavnou formou z\u00edsk\u00e1vat nejr\u016fzn\u011bj\u0161\u00ed schopnosti a dovednosti, kter\u00e9 mohou pozd\u011bji pou\u017e\u00edt ve sv\u00e9m \u017eivot\u011b.<\/p>\n<p style=\"text-align: justify;\"><strong>Sv\u011btlu\u0161ky<\/strong>\u00a0a\u00a0<strong>vl\u010data<\/strong>\u00a0teprve pozn\u00e1vaj\u00ed sv\u011bt kolem sebe. Na jejich skautsk\u00e9 cest\u011b je prov\u00e1z\u00ed vypr\u00e1v\u011bn\u00ed o Brou\u010dc\u00edch \u010di p\u0159\u00edb\u011bh Maugl\u00edho z\u00a0Knihy d\u017eungl\u00ed. Program vyu\u017e\u00edv\u00e1 p\u0159edev\u0161\u00edm p\u0159irozenou hravost t\u00e9to v\u011bkov\u00e9 kategorie.<\/p>\n<p style=\"text-align: justify;\"><strong>Skauti\u00a0<\/strong>a<strong>\u00a0skautky<\/strong>\u00a0se u\u010d\u00ed t\u00fdmov\u00e9 spolupr\u00e1ci ve skupin\u011b vrstevn\u00edk\u016f; program se sna\u017e\u00ed\u00a0u nich rozv\u00edjet samostatnost, odpov\u011bdnost a vyv\u00e1\u017eenost du\u0161evn\u00edch a fyzick\u00fdch sil.<\/p>\n<p style=\"text-align: justify;\"><strong>Rove\u0159i<\/strong>\u00a0a\u00a0<strong>rangers<\/strong>\u00a0si v\u011bt\u0161inou p\u0159ipravuj\u00ed sv\u016fj program sami a v jeho r\u00e1mci se sna\u017e\u00ed naj\u00edt si vlastn\u00ed cestu \u017eivotem. Krom\u011b toho si v\u0161ichni osvojuj\u00ed praktick\u00e9 dovednosti, jak p\u0159e\u017e\u00edt nejen v dne\u0161n\u00edm modern\u00edm sv\u011bt\u011b, ale i v p\u0159\u00edrod\u011b.<\/p>\n<p style=\"text-align: justify;\">A to v\u0161e se d\u011bje v part\u011b dobr\u00fdch kamar\u00e1d\u016f.<\/p>\n<p style=\"text-align: justify;\">Na\u0161e odd\u00edly se nespecializuj\u00ed v\u00fdhradn\u011b na jednu \u010dinnost, ale sna\u017e\u00ed se umo\u017enit d\u011btem \u201eochutnat\u201d z co nej\u0161ir\u0161\u00edho okruhu lidsk\u00fdch \u010dinnost\u00ed. Ka\u017ed\u00fd si tak m\u016f\u017ee naj\u00edt to, co ho bav\u00ed nebo zaj\u00edm\u00e1. Hlavn\u00ed d\u016fraz se ov\u0161em klade na v\u0161estrann\u00fd rozvoj jedince.<\/p>\n<p style=\"text-align: justify;\"><strong>Kdo se o na\u0161e d\u011bti star\u00e1?<\/strong><\/p>\n<p style=\"text-align: justify;\">V\u0161ichni vedouc\u00ed a ostatn\u00ed \u010dinovn\u00edci zaji\u0161\u0165uj\u00edc\u00ed chod odd\u00edl\u016f a st\u0159ediska. Jsou to dobrovoln\u00edci z \u0159ad student\u016f a pracuj\u00edc\u00edch star\u0161\u00ed 18let, kte\u0159\u00ed pro\u0161li skautskou v\u00fdchovou, maj\u00ed odpov\u00eddaj\u00edc\u00ed zkou\u0161ky, kter\u00e9 jsou k vykon\u00e1v\u00e1n\u00ed jednotliv\u00fdch funkc\u00ed pot\u0159ebn\u00e9 &#8211; viz\u00a0<a href=\"http:\/\/orlice.abahoa.cz\/?page_id=37\">St\u0159ediskov\u00e1 rada<\/a>. Vedouc\u00edm pom\u00e1haj\u00ed v jednotliv\u00fdch odd\u00edlech chlapci a d\u00edvky star\u0161\u00ed 15let, kte\u0159\u00ed tak\u00e9 ji\u017e pro\u0161li skautskou v\u00fdchovou a t\u00edmto se p\u0159ipravuj\u00ed na slo\u017een\u00ed pot\u0159ebn\u00fdch zkou\u0161ek a p\u0159\u00edpadn\u00e9 p\u0159ebr\u00e1n\u00ed veden\u00ed \u010di dal\u0161\u00edch funkc\u00ed.<\/p>\n<p style=\"text-align: justify;\"><strong>Jak se st\u00e1t \u010dlenem na\u0161\u00ed organizace?<\/strong><\/p>\n<ol style=\"text-align: justify;\">\n<li>Z\u00fa\u010dastn\u00edte se n\u011bkter\u00e9 z n\u00e1borov\u00fdch sch\u016fzek, kter\u00e9 prob\u00edhaj\u00ed v 2. polovin\u011b z\u00e1\u0159\u00ed v na\u0161\u00ed klubovn\u011b. Zde V\u00e1s oslov\u00ed n\u00e1\u0161 vedouc\u00ed a poskytne V\u00e1m v\u0161echny pot\u0159ebn\u00e9 informace.<\/li>\n<li>Po\u0161lete p\u0159\u00edpadn\u00e9ho nov\u00e1\u010dka s n\u011bkter\u00fdm z na\u0161ich \u010dlen\u016f, se kter\u00fdm nap\u0159\u00edklad kamar\u00e1d\u00ed, nav\u0161t\u011bvuje stejnou \u0161kolu, \u010di volno\u010dasov\u00e9 aktivity.<\/li>\n<li>Spoj\u00edte se telefonicky, e-mailem nebo osobn\u011b s n\u011bkter\u00fdm z na\u0161ich vedouc\u00edch &#8211; viz\u00a0<a href=\"http:\/\/orlice.abahoa.cz\/?page_id=37\">St\u0159ediskov\u00e1 rada<\/a>.<\/li>\n<li>St\u00e1hnete si z\u00e1kladn\u00ed p\u0159ihl\u00e1\u0161ku, prostudujete si podm\u00ednky vstupu do na\u0161\u00ed organizace, vypln\u00edte a podep\u00ed\u0161ete. S p\u0159ihl\u00e1\u0161kou a p\u0159\u00edpadn\u00fdm nov\u00e1\u010dkem dojdete na n\u011bkterou z na\u0161ich sch\u016fzek &#8211; viz\u00a0<a href=\"http:\/\/orlice.abahoa.cz\/?page_id=367\">Odd\u00edly<\/a>.<\/li>\n<\/ol>\n<p style=\"text-align: justify;\"><strong>Jak je skauting finan\u010dn\u011b n\u00e1ro\u010dn\u00fd?<\/strong><\/p>\n<p style=\"text-align: justify;\">\u010clenstv\u00ed ve skautsk\u00e9m odd\u00edle v porovn\u00e1n\u00ed s jin\u00fdmi z\u00e1jmov\u00fdmi krou\u017eky opravdu nen\u00ed drah\u00e9. Ro\u010dn\u00ed \u010dlensk\u00fd poplatek \u010din\u00ed 500 K\u010d\u00a0 a hrad\u00ed registra\u010dn\u00ed poplatek, poji\u0161t\u011bn\u00ed \u010dlena a chod st\u0159ediska a jednotliv\u00fdch odd\u00edl\u016f. Plat\u00ed se v\u017edy v pr\u016fb\u011bhu m\u011bs\u00edce \u00fanora, v p\u0159\u00edpad\u011b pot\u0159eby je mo\u017en\u00e9 zaplatit po \u010d\u00e1stech. D\u00e1le je pot\u0159eba po\u010d\u00edtat s \u010d\u00e1stkou okolo 600 K\u010d na po\u0159\u00edzen\u00ed z\u00e1kladn\u00edho skautsk\u00e9ho vybaven\u00ed (skautsk\u00fd kroj + n\u00e1\u0161ivky, z\u00e1pisn\u00edk, uzlova\u010dka). D\u00e1le b\u011bhem roku p\u0159ibli\u017en\u011b jednou m\u011bs\u00ed\u010dn\u011b vyr\u00e1\u017e\u00edme na v\u00fdpravy, kde se plat\u00ed jen cestovn\u00e9, p\u0159\u00edpadn\u00e9 vstupn\u00e9, pop\u0159. n\u00e1klady na spole\u010dn\u00e9 stravov\u00e1n\u00ed. V\u00edkendov\u00e9 v\u00fdpravy stoj\u00ed cca 150 &#8211; 300 K\u010d. V l\u00e9t\u011b za\u010d\u00e1tkem \u010dervence jezd\u00edme na \u010dtrn\u00e1ctidenn\u00ed stanov\u00fd t\u00e1bor, kter\u00fd vyjde p\u0159ibli\u017en\u011b na 2 000 K\u010d.<\/p>\n<p style=\"text-align: justify;\"><strong>Jak\u00e9 vybaven\u00ed skaut pot\u0159ebuje?<\/strong><\/p>\n<p style=\"text-align: justify;\">Do za\u010d\u00e1tku toho nen\u00ed mnoho. Z\u00e1pisn\u00edk, propiska a v\u011bt\u0161inou v\u011bci, kter\u00e9 se posb\u00edraj\u00ed po dom\u011b. S prvn\u00ed v\u00fdpravou kapesn\u00ed no\u017e\u00edk, men\u0161\u00ed batoh na jednodenn\u00ed v\u00fdpravy a pevn\u011bj\u0161\u00ed kotni\u010dkov\u00e9 boty. D\u00e1le pak skautsk\u00e9 tri\u010dko, \u010depice, kroj a dal\u0161\u00ed t\u00e1bornick\u00e9 pot\u0159eby, jak\u00fdmi jsou e\u0161us, spac\u00e1k, karimatka, velk\u00fd batoh atd. Mo\u017en\u00e1 se n\u011bkte\u0159\u00ed rodi\u010de pr\u00e1v\u011b zhrozili, ale nemus\u00edte m\u00edt strach. Mnoho z t\u011bchto v\u011bc\u00ed m\u00e1te bu\u010f ji\u017e doma vy nebo zn\u00e1m\u00ed. Vzhledem k dobr\u00e9mu materi\u00e1ln\u00edmu z\u00e1zem\u00ed jsme schopni i mi p\u016fj\u010dit velk\u00e9 batohy, spac\u00e1ky, karimatky a e\u0161usy.<\/p>\n<p style=\"text-align: justify;\"><strong>Kde skautsk\u00e9 pot\u0159eby koupit?<\/strong><\/p>\n<p style=\"text-align: justify;\">Skautsk\u00fd kroj m\u016f\u017eete nakoupit ve specializovan\u00fdch obchodech, t\u00e1bornick\u00e9 vybaven\u00ed nav\u00edc koup\u00edte ve sportovn\u00edch, turistick\u00fdch \u010di outdoorov\u00fdch prodejn\u00e1ch. Doporu\u010dujeme se p\u0159edem poradit se skautsk\u00fdm vedouc\u00edm, kter\u00fd v\u00e1m doporu\u010d\u00ed nejvhodn\u011bj\u0161\u00ed komponenty \u010di je schopen pot\u0159ebn\u00e9 v\u011bci obstarat a koupit, \u010dasto za v\u00fdhodn\u011bj\u0161\u00ed ceny.<\/p>\n","protected":false},"excerpt":{"rendered":"<p>V\u00e1\u017een\u00ed\u00a0rodi\u010de, Co je vlastn\u011b skauting a Jun\u00e1k &#8211; svaz skaut\u016f a skautek \u010cR? Skauting\u00a0je my\u0161lenka, \u017eivotn\u00ed styl, kter\u00fd u\u010d\u00ed um\u011bt se o sebe postarat, br\u00e1t \u017eivot do vlastn\u00edch rukou a p\u0159evz\u00edt odpov\u011bdnost za to, co se d\u011bje se mnou a s m\u00fdm \u017eivotem. Ve skautingu se lid\u00e9 u\u010d\u00ed hledat smysluplnost toho, co d\u011blaj\u00ed, pro\u010d a &hellip; <a href=\"https:\/\/orlicemb.cz\/?page_id=11\" class=\"more-link\">Pokra\u010dov\u00e1n\u00ed textu <span class=\"screen-reader-text\">Pro rodi\u010de<\/span> <span class=\"meta-nav\">&rarr;<\/span><\/a><\/p>\n","protected":false},"author":12,"featured_media":0,"parent":0,"menu_order":0,"comment_status":"closed","ping_status":"closed","template":"","meta":{"footnotes":""},"class_list":["post-11","page","type-page","status-publish","hentry"],"_links":{"self":[{"href":"https:\/\/orlicemb.cz\/index.php?rest_route=\/wp\/v2\/pages\/11","targetHints":{"allow":["GET"]}}],"collection":[{"href":"https:\/\/orlicemb.cz\/index.php?rest_route=\/wp\/v2\/pages"}],"about":[{"href":"https:\/\/orlicemb.cz\/index.php?rest_route=\/wp\/v2\/types\/page"}],"author":[{"embeddable":true,"href":"https:\/\/orlicemb.cz\/index.php?rest_route=\/wp\/v2\/users\/12"}],"replies":[{"embeddable":true,"href":"https:\/\/orlicemb.cz\/index.php?rest_route=%2Fwp%2Fv2%2Fcomments&post=11"}],"version-history":[{"count":8,"href":"https:\/\/orlicemb.cz\/index.php?rest_route=\/wp\/v2\/pages\/11\/revisions"}],"predecessor-version":[{"id":1388,"href":"https:\/\/orlicemb.cz\/index.php?rest_route=\/wp\/v2\/pages\/11\/revisions\/1388"}],"wp:attachment":[{"href":"https:\/\/orlicemb.cz\/index.php?rest_route=%2Fwp%2Fv2%2Fmedia&parent=11"}],"curies":[{"name":"wp","href":"https:\/\/api.w.org\/{rel}","templated":true}]}}